be z(-13). Suppose -f*c + 5*p + 7565 = 0, 21*p - 19*p = 3*c - 4539. Is c a prime number?
False
Let g be 1*(0 - 2257) - (6 - 2). Is 4 + 22*g/(-14) a prime number?
True
Let v be 22/55 + (-4)/10. Suppose v = -0*b - 2*b + 8. Suppose 377 = l + w, b*l - w + 4*w = 1510. Is l prime?
True
Suppose -10120235 = -12*d - 4823742 + 4363303. Is d prime?
True
Suppose -2*o - 5*h = -227, -o - 593 = -6*o - 4*h. Let k = 132 - o. Suppose k*s - 7*s - 6236 = 0. Is s a composite number?
False
Suppose -1176*v - 10033 = -1177*v. Is v composite?
True
Suppose -w - 8*z + 9*z = -513446, -5*z - 1540346 = -3*w. Is w prime?
False
Is 45094 + 65/52*20 composite?
False
Suppose -4*k - 6 = 22, -544816 = -3*p + k. Is p a prime number?
True
Let n(j) = 239*j**2 - 7*j + 7. Is n(-5) a composite number?
True
Suppose 0 = 3*x - 2*o + 28768, x - 4*x - 28788 = 3*o. Let l = x - -14255. Is l a prime number?
True
Let v(x) = 6*x - 71. Let s be v(12). Is (23670/(-27) - s)*3*-1 a composite number?
False
Suppose -14 = -3*x - 2*h, 4*x - 2*h = -x + 2. Suppose -99*a = -100*a - 7. Is -59*x*a/14 a prime number?
True
Let o(j) be the third derivative of -j**4/24 - j**3/2 + 20*j**2. Let x be o(-6). Suppose 0*i - x*i + 2757 = 0. Is i prime?
True
Suppose 32*a + 54*a = 150*a - 8716352. Is a composite?
False
Let q = 2781 + -1543. Suppose -2*c + 36672 - q = 0. Is c composite?
True
Is (-3 + 1)*(19351752/(-48) + -41) a prime number?
False
Suppose -q + 150864 = 5*q. Suppose -q = -74*i + 66*i. Is i a prime number?
False
Let u(g) = -51*g**3 + 18*g**2 + 13*g + 99. Is u(-14) a prime number?
False
Let m = 206950 + 254059. Is m prime?
True
Let m be (-1)/1*(1*558 - 3). Let h be m/(-5)*(12 + -3). Let x = 1453 - h. Is x prime?
False
Suppose 315 = 5*r + 2195. Let v = -260 - r. Suppose -v - 25 = -y. Is y a prime number?
False
Let v(j) = 122*j**3 + 14*j**2 - 16*j - 16. Let k be v(8). Let d = -38733 + k. Is d prime?
False
Let q = -352 + -276. Let u = 184 + q. Is 2 + u/8*4/(-6) a prime number?
False
Let s(k) = -3*k**2 + 75*k + 7. Let g be s(25). Suppose -g*i + 7911 = 2*i. Is i composite?
True
Let s(d) = 1945*d + 364. Let f be 2/4*10 + 2. Is s(f) prime?
False
Let q be (-28 - -2 - -5)/(-3). Suppose q*k + 123 = -101. Is 4/(k/(-5466)) + 9/(-36) composite?
False
Suppose 0*s + 4*s - 11075 = 5*v, -4*s - v = -11105. Suppose 4*g = 3029 + s. Is g prime?
True
Let v = -22954 + 70647. Is v a prime number?
False
Suppose -13445449 = -52*k + 12701081 + 29807498. Is k prime?
True
Let g(c) = -9*c**3 - 6*c**2 - 8*c - 8. Let b be g(-4). Let t be (-2)/(-3) - 635/3. Let d = t + b. Is d a prime number?
True
Let r = -38 + 107. Let g = r + -66. Is ((-2988)/g - 2)*(-2)/4 a prime number?
True
Let r = 2699418 - 1451395. Is r a composite number?
True
Suppose 102*l - 7831895 - 9251629 = 33123630. Is l a prime number?
True
Suppose 3*m + 3714 = -3*z - 0*m, z + 1223 = 2*m. Let w(c) = -14*c**3 + 7*c**2 + 11*c - 6. Let f be w(-5). Let p = z + f. Is p prime?
True
Let n be (20/(-60))/((-1)/12). Suppose -w + 3*x = -6*w + 25, -n*w - 17 = -5*x. Is (-1)/w*-3*596/6 prime?
True
Let i(w) = 4*w**3 - 156*w**2 + 171*w - 58. Let l be i(38). Suppose 5*b - 5*y + 250 = 0, -110 = 3*b + 4*y + 40. Let r = b + l. Is r composite?
True
Let r(g) = 2*g**3 + 27*g**2 - 26*g + 34. Is r(13) composite?
True
Let n(f) = 784*f**2 + f + 16. Let m = 301 - 304. Is n(m) a composite number?
False
Let f be (-22)/(-77) + 80/14. Let y be 0 - -2 - 8*9/f. Let t(m) = -2*m**3 - 15*m**2 - 6*m + 27. Is t(y) a prime number?
True
Suppose 2*z - 148239 = -4*s + 142887, 0 = 4*z - 4. Is s composite?
True
Suppose 70*p + 28190 = 75*p. Let m = p + -4017. Is m composite?
False
Suppose -6*z = -z - 42265. Suppose -6277 - z = 10*p. Let a = 2834 + p. Is a a composite number?
False
Suppose 0 = 5*d - 10*d + 20, 0 = -5*u - 2*d + 1777963. Is u a composite number?
False
Let q(c) = 9*c**3 - 2*c**2 + 51*c - 14. Let y be q(14). Let p = y + -17445. Is p a composite number?
False
Let x = -58 + 63. Suppose x*g = -0*g + 3395. Let q = g + -282. Is q prime?
True
Let y(v) = -132*v - 26 + 14 + 12. Let k be y(-2). Let d = k + -125. Is d composite?
False
Suppose 8*g - 4*g - 3*x = -5, -5*g + x = -2. Is g*(4 - 6/(30/(-935))) a prime number?
True
Let x(z) = 4*z**3 + 3*z + 9. Let d(u) be the second derivative of -3*u**5/20 - u**3/2 - 9*u**2/2 + 3*u. Let s(b) = 6*d(b) + 5*x(b). Is s(5) a prime number?
False
Let w be -20*(-3)/24*22. Let z = w - 50. Suppose 0 = -5*y - z*s + 1585, 0 - 2 = s. Is y prime?
False
Suppose 13*p = 12084 + 29035. Is p prime?
True
Let z = -380 + 380. Suppose 0 = 4*d + i - 10888, z = -3*d + 4*i - 1066 + 9251. Is d composite?
True
Suppose -5*b + 4*n = -1807487, -3*n = -2*b + 204242 + 518750. Is b a prime number?
True
Let b = -84295 + 627356. Is b a composite number?
False
Let n(g) = -g**3 - 3*g**2 - 4*g - 1. Let h = 3 - 7. Let p be n(h). Suppose -27*l + p*l = 1508. Is l composite?
True
Let u be 5 + -1 + 2251193/7. Suppose 69656 = 11*j - u. Is j a prime number?
True
Let x be (-29315)/13 + 4 - (-1 - -3). Let a be 3289 - ((-2 - 0) + -1). Let u = a + x. Is u a composite number?
False
Suppose -2*b + 3*q = 0, 5*q = b + 9*q. Suppose 37*g - 34*g - 6807 = b. Is g composite?
False
Is (172734/4)/(447/298) composite?
False
Suppose 0 = -4*s + 2*c + 661150, -8*c + 7*c - 1 = 0. Is s prime?
True
Let l(k) = k**2 - 12*k - 30. Let x be l(15). Suppose 2*t = -5*g - 11599, 3*g = -2*g - x. Let z = -3271 - t. Is z a composite number?
False
Let l(g) = 142*g + 119. Let t = -838 + 865. Is l(t) composite?
True
Suppose 0 = 219*o - 251*o + 1051552. Is o prime?
False
Suppose 577*g = 574*g + 37617. Is g composite?
False
Suppose 15307015 = 56*m - 21391969. Is m a prime number?
False
Suppose 10 + 45 = -5*f. Let s = f + 14. Suppose -4005 = -6*x - s*x. Is x prime?
False
Let i(k) = -5*k + k**3 - 24 + 2*k + 4*k - 7*k**2 - 5*k**2. Let a be i(12). Is (8936/a)/(-1 + 4/12) composite?
False
Let v = -12164 + 46633. Is v composite?
False
Suppose -2*s + s + w + 2 = 0, 3*s = 5*w + 2. Suppose m = 3, k + 0*k = -s*m + 511. Is k composite?
False
Let n(r) = 11561*r**2 - 221*r - 445. Is n(-2) a composite number?
True
Suppose 3*f - 5*r - 43047 = 0, -102070 = -5*f + 3*r - 30293. Is f a composite number?
True
Let q(u) = 3*u**3 - 11*u**2 + u - 8. Let r = 313 + -306. Is q(r) composite?
True
Let g(x) = -x + 22. Let i be g(-17). Suppose -5*c = -2*q + 65, q - i = -0*c + 3*c. Let t(z) = -2*z**3 - 16*z**2 - 20*z - 13. Is t(c) a composite number?
True
Let r(v) = 11 - 5*v + 87 + 159*v**2 + 113. Is r(16) prime?
False
Let u = -108 - -90. Let a be u/30 - (-12)/20. Suppose a = 3*k - 4*k - g + 1302, -3*k + 4*g + 3885 = 0. Is k a composite number?
True
Let q(t) = 12*t**2 + t - 9. Let x be ((-8)/(-24))/(1/18). Let z(l) = -13*l**2 + 8. Let p(m) = x*q(m) + 5*z(m). Is p(7) prime?
False
Let a(u) = 282*u - 414. Let g be a(6). Suppose -27*o - g = -13455. Is o prime?
False
Suppose -32*p + 1075580 = -22*p. Suppose 16*x + 6*x = p. Is x a composite number?
False
Suppose 4*i = -3*y, 5*y - 2*y = -2*i. Suppose 0*n - n - 5*x + 57 = i, n - 27 = 5*x. Let k = 425 + n. Is k a prime number?
True
Suppose 0 = 3*h - 4*q - 587035, -49*h - 978385 = -54*h + 5*q. Is h prime?
False
Suppose -20*h + 46751042 = 26*h. Is h a prime number?
False
Suppose i - 158 = 2*p + 326, 5*i - 2*p = 2396. Let f(b) = b + 241*b**3 - b + i*b**3 + b + b**2 - 2. Is f(1) prime?
True
Let s(i) = 21*i - 18. Let b be s(1). Let w(d) = -5 - 2 + 75*d**2 + 3. Is w(b) a composite number?
True
Suppose -267 = 3*r - q + 7, 366 = -4*r + 2*q. Let b(h) = -1131*h**3 - h**2 - h - 1. Let i be b(-1). Let j = r + i. Is j a composite number?
False
Let s = 671 - 681. Let x(u) = -1846*u - 345. Is x(s) prime?
False
Is (817368/(-18))/4*(-45)/15 a prime number?
True
Let c(v) = 3*v + 407. Let i be c(0). Suppose 6 = -2*r, -2*r = 2*j + 3*r - i. Suppose j = 2*b - 441. Is b prime?
False
Suppose -6*y - 56 = -14. Let a(v) = -4*v**3 + 7*v**2 + v + 3. Is a(y) composite?
True
Let g = -6 + 24. Let l be 68/g - (-4)/18. Suppose -5*m - 4*u + 286 = -2783, -l*m = -2*u - 2450. Is m a prime number?
True
Let k(u) be the second derivative of 77*u**3 + 187*u**2/2 + 2*u - 9. Is k(6) a prime number?
False
Let m(s) = 2*s + 43. Let x be m(-16). Let q(f) = -x*f - 2*f - 13 + 4*f**2 + 3*f + 6*f**2. Is q(-5) a prime number?
False
Suppose 5*k + 6*l + 38880 = 2*l, -2*k + 4*l - 15552 = 0. Let p = 